n base 6, what is -3232 - 115134?
-122410
In base 7, what is 6025214 - -24?
6025241
In base 16, what is 0 + -840b493?
-840b493
In base 4, what is -13 + -2331223131102?
-2331223131121
In base 2, what is 110101000 - 10100100110110100?
-10100100000001100
In base 8, what is -201477 - 706?
-202405
In base 3, what is -21102010021002 + -1111?
-21102010022120
In base 11, what is 29961 - 76a?
291a2
In base 14, what is 1a54 + -3582?
-192c
In base 6, what is -125 - 15415215?
-15415344
In base 10, what is 0 + -8771416?
-8771416
In base 9, what is -1 - 54474865?
-54474866
In base 8, what is 2 + -14616020?
-14616016
In base 11, what is 1 + 2420a90?
2420a91
In base 5, what is 10 + -1131331210?
-1131331200
In base 10, what is 84599 - -235?
84834
In base 13, what is 5621 - c4?
552a
In base 2, what is -1000011 + 1100000111001110000?
1100000111000101101
In base 2, what is -11101 - -1011011010100111?
1011011010001010
In base 13, what is -a3481 + 25?
-a3459
In base 7, what is -1422 - -550113?
545361
In base 11, what is -2884 + 39609?
36835
In base 14, what is 1520 - 753?
bab
In base 12, what is 163 + 18366?
18509
In base 13, what is -653390b + -3?
-6533911
In base 14, what is 11 - -78ba14?
78ba25
In base 4, what is 2 + 22302012103?
22302012111
In base 11, what is -85 - -23821?
23747
In base 9, what is -1238 - -11144?
8805
In base 12, what is -4034212 - 0?
-4034212
In base 13, what is 4 - -c743787?
c74378b
In base 7, what is -5 - 1160521064?
-1160521102
In base 2, what is 10 + 1110011011101110101000011000?
1110011011101110101000011010
In base 13, what is -7 - 5763bc6?
-5763c00
In base 13, what is -bcc0c985 - -1?
-bcc0c984
In base 15, what is -4b2 - -119b?
bd9
In base 3, what is 1010101011220001 + 2112?
1010101011222120
In base 6, what is -3302325123 - -2?
-3302325121
In base 4, what is -2 + 23313232230?
23313232222
In base 2, what is 1101110 + 1000000001110001000000?
1000000001110010101110
In base 11, what is -4663489 - -55?
-4663434
In base 15, what is 3ec6d - -280?
3eeed
In base 3, what is 1122000022100 + 1010?
1122000100110
In base 5, what is 20302000 + -202?
20301243
In base 7, what is 112 + -36014312?
-36014200
In base 15, what is 92d + 53c?
e6a
In base 10, what is -120559 + 12?
-120547
In base 3, what is 1 + -100112012212?
-100112012211
In base 10, what is 15 - -5721804?
5721819
In base 8, what is 5 - 54227447?
-54227442
In base 9, what is -3701 - 1760?
-5561
In base 4, what is 301133 + 23030103?
23331302
In base 15, what is -2b - -19d7a?
19d4e
In base 15, what is -6 - -a3ba12a?
a3ba124
In base 13, what is 137 - 291262?
-291128
In base 3, what is -1201 + 10102011100122?
10102011021221
In base 3, what is -10 - 1202222022000212?
-1202222022000222
In base 6, what is -4511413552 + 2?
-4511413550
In base 16, what is -39 + 191e4?
191ab
In base 3, what is -12222 - -2002210202112?
2002210112120
In base 6, what is 14552 - 12055?
2453
In base 6, what is 3031033 - 521?
3030112
In base 10, what is 387 - 61705?
-61318
In base 3, what is 10200 - 2222211111010?
-2222211100110
In base 9, what is 15011 + 147?
15158
In base 4, what is 232312 - 2310011?
-2011033
In base 15, what is -6d86 - -157?
-6c2e
In base 14, what is -25c8 + 12030?
d846
In base 12, what is -85b2a + b2?
-85a38
In base 2, what is -101 - 101000110111011101010000?
-101000110111011101010101
In base 4, what is -3011 + 1320330023?
1320321012
In base 6, what is 221401 - -114314?
340115
In base 15, what is -48b62 + -b0?
-48c22
In base 13, what is aa1b + -c6?
a925
In base 6, what is 544 + -313414?
-312430
In base 6, what is 0 - 14033245?
-14033245
In base 11, what is -1697 - -120?
-1577
In base 11, what is -38 - -970a351?
970a314
In base 13, what is 5ac + -2b08?
-2529
In base 9, what is 82 - -8163?
8255
In base 15, what is -55 - 43a2?
-4407
In base 3, what is -102121022 + -100200112?
-210021211
In base 10, what is -136 - -64953?
64817
In base 11, what is 57 + -902873?
-902817
In base 3, what is -100120201112 - -1121?
-100120122221
In base 2, what is -100 - -10101011100010011000010?
10101011100010010111110
In base 2, what is -1100110010111010 + -10011100111100?
-1111001111110110
In base 15, what is 207480a + -4?
2074806
In base 15, what is -1a2c9b + -6?
-1a2ca2
In base 10, what is -366 - -60611?
60245
In base 2, what is -1100010110100000101100 - 1100011?
-1100010110100010001111
In base 3, what is -2021010200 - -221?
-2021002202
In base 4, what is 10120 + -21122332?
-21112212
In base 10, what is 164946 + 44?
164990
In base 3, what is 102222201022110220 + -12?
102222201022110201
In base 10, what is 3675 + 252?
3927
In base 13, what is -6774 - -564?
-6210
In base 4, what is 3 - -3032122331100?
3032122331103
In base 16, what is 3 - 1aa1710?
-1aa170d
In base 14, what is 371 + -984b4?
-98143
In base 12, what is -1473b2 - -452?
-146b60
In base 4, what is -1020132201233 - 10?
-1020132201303
In base 10, what is -8069584 - 26?
-8069610
In base 6, what is 3 - 5011034355?
-5011034352
In base 3, what is -1011002 + -2011210210?
-2012221212
In base 5, what is -400140100 - 303?
-400140403
In base 3, what is -12112112220 + -20100012?
-12202220002
In base 3, what is 10 + 100012011120221?
100012011121001
In base 2, what is 1110 + -1110101000100001110?
-1110101000100000000
In base 8, what is 172710 - -3473?
176403
In base 13, what is 91 - -386b91?
386c52
In base 2, what is 101 - 11000000100101000110101010?
-11000000100101000110100101
In base 11, what is 43778061 - -4?
43778065
In base 6, what is -255 + -444334?
-445033
In base 16, what is 1f9fb01c - 5?
1f9fb017
In base 8, what is 7 + 47256133?
47256142
In base 8, what is 2146 - -44370?
46536
In base 4, what is -12021 - -2231312022?
2231300001
In base 3, what is -200012121 - -11121202220?
10221120022
In base 4, what is 2 + -1312201311121?
-1312201311113
In base 2, what is 10111001000010100111001110 - -110?
10111001000010100111010100
In base 2, what is 10110011111010001100 - 11000101?
10110011110111000111
In base 8, what is -257 - -1172473?
1172214
In base 12, what is -27763 - -3a84?
-2389b
In base 6, what is -45310321 + -2?
-45310323
In base 9, what is 4 - 57238520?
-57238515
In base 14, what is -5029b - -15?
-50286
In base 14, what is 94233516 - -3?
94233519
In base 5, what is 2102003211400 - -10?
2102003211410
In base 10, what is 1 - -18168078?
18168079
In base 11, what is 93 - 28082?
-27a9a
In base 12, what is b15 + 351a2?
360b7
In base 12, what is 1 - -26208620?
26208621
In base 16, what is 3c609 - -d2?
3c6db
In base 11, what is -463699 + -959?
-464547
In base 11, what is -1 - -1728991?
1728990
In base 16, what is -92 + 5ae4?
5a52
In base 6, what is 1054501 - 253?
1054204
In base 8, what is -171 - -405317?
405126
In base 7, what is 6 + -1322306?
-1322300
In base 6, what is 4 + 2210314115?
2210314123
In base 5, what is 14430 + -13000323?
-12430343
In base 9, what is -253 + 78817?
78554
In base 3, what is -2011 - 11210212021102?
-11210212100120
In base 6, what is 3333155454 - -3?
3333155501
In base 2, what is -111110 + -11111011010111101?
-11111011011111011
In base 16, what is 6bff - -1fb?
6dfa
In base 3, what is 1 + -101202120201100211?
-101202120201100210
In base 4, what is 21122103331203 + 3?
21122103331212
In base 7, what is 3560302154 + 0?
3560302154
In base 2, what is -10000011001101101100011001 - -1?
-10000011001101101100011000
In base 2, what is 1101000101100 - -10101001?
1101011010101
In base 8, what is 4 + -51422030?
-51422024
In base 14, what is -72 - 2732a4?
-273336
In base 11, what is 116547 - -319?
116865
In base 5, what is 2310 + -32203000?
-32200140
In base 14, what is 1 - 658cbd?
-658cbc
In base 10, what is -15975 + 215?
-15760
In base 7, what is -1062521 + 210?
-1062311
In base 2, what is 1101101 - -10111011001001111?
10111011010111100
In base 14, what is 54c771 + -64?
54c70b
In base 12, what is -62 + 147772?
147710
In base 14, what is -13d768c - -b?
-13d7681
In base 4, what is -12 - -112023101300?
112023101222
In base 2, what is -1100110 + -1000110001110100010?
-1000110010000001000
In base 13, what is 2446975 + -44?
2446931
In base 9, what is 8307 + 26003?
35311
In base 2, what is -1100 + 100011110000110111?
100011110000101011
In base 12, what is -675ab36 + 0?
-675ab36
In base 4, what is -10022 + -301333300?
-302003322
In base 9, what is -560 + -1106832?
-1107502